(20) is divided by 7?
6
Let u be (-140)/42 - 2/(-6). Let s be ((-1)/u)/((-7)/(-21)). Let p = s + 9. Calculate the remainder when 17 is divided by p.
7
Let a(u) = -7*u - 82. Calculate the remainder when 2 is divided by a(-12).
0
Suppose 0 = -k - 164 + 521. What is the remainder when k is divided by 45?
42
Let t(z) = 80*z**2 - 27*z + 84. Calculate the remainder when t(3) is divided by 33.
30
Let f = -37 - -54. Let n = -27 + 39. Calculate the remainder when 16/n*2*18 is divided by f.
14
Suppose 2*t = g - 32 + 2, 2*t = 3*g - 94. Suppose -g = -4*c - 4. Suppose c + 10 = j. Calculate the remainder when 49 is divided by j.
15
Suppose -4419 = -9*w + 4284. Calculate the remainder when w is divided by 11.
10
Suppose 3*c - 2*b - b + 717 = 0, -c - 235 = -5*b. What is the remainder when c/(2/(-8)*6) is divided by 41?
37
Suppose 510 = 6*d - d. Suppose -3*l = 15, -l + 350 = 4*m + l. Suppose 15 - m = -3*v + u, 4*v + u = 107. Calculate the remainder when d is divided by v.
24
Suppose -25 = -5*s - 5*m, m - 22 = 5*s - 65. Calculate the remainder when (-12)/10*(-75)/9 is divided by s.
2
Calculate the remainder when 109 is divided by 492/13 + 14/91.
33
Let l = -149 + 199. What is the remainder when 211 is divided by l?
11
Let u(x) = 16*x - 8. Suppose 4*w - 8 + 0 = 0. Calculate the remainder when u(w) is divided by 15.
9
Calculate the remainder when (-2015)/(-62) + (-2)/(-4) is divided by 9.
6
Suppose 8*a - 220 = 3*a. Let d(x) = 2*x - 2*x**2 - 4*x**2 + 3*x**3 - 2*x**3 + 3. What is the remainder when a is divided by d(6)?
14
What is the remainder when 179 is divided by ((-28)/(-36))/(5/90)?
11
Suppose 0 = 4*v - 0*s + 5*s + 236, -v = s + 58. Let q = v - -134. Calculate the remainder when q is divided by 27.
26
Let p(o) = o**2 + 8*o + 10. Let c be p(-7). Let g(h) = -2*h**2 - 2*h**2 - 2 + 3*h**c - 4*h**3 + 6*h + 2*h**2. What is the remainder when g(-5) is divided by 11?
10
Let w be (-30)/(-12) - (-21)/6. Suppose -w*v = -71 - 133. What is the remainder when v is divided by 18?
16
Suppose 2*x - 4*n = 3*x - 656, -4*n = 3*x - 2000. What is the remainder when x is divided by 97?
90
Let g(q) = q**3 + 7*q**2 - 8*q + 4. Let h(r) = r**2 + 8*r + 8. Let p be h(-4). What is the remainder when 10 is divided by g(p)?
2
Let c(z) = z - 6. Let n be c(-10). Let y = n - -22. What is the remainder when 21 is divided by y?
3
Calculate the remainder when 71 is divided by (-4)/((-85)/10 - -8).
7
Suppose 51 = 2*v - 2*a + 3*a, 0 = v + 3*a - 28. What is the remainder when 172 is divided by v?
22
Suppose -x - 747 = -o, 9*x - 742 = -o + 11*x. What is the remainder when o is divided by 26?
24
Let s = 3 + -2. Suppose h + s = 0, g - 2*h = 8 + 3. Let f(i) = i**3 - 10*i**2 + 13*i - 2. What is the remainder when f(9) is divided by g?
7
Let g = 763 + -720. Calculate the remainder when 73 is divided by g.
30
Suppose 257 = 8*z - 191. Calculate the remainder when 162 is divided by z.
50
Suppose -14 = -6*c + 5*c. What is the remainder when 307 is divided by c?
13
Let g = 1523 - 916. Calculate the remainder when g is divided by 76.
75
Let x(h) = h**3 - 12*h**2 - 43*h - 3. What is the remainder when 80 is divided by x(15)?
26
Let l(a) be the third derivative of -3*a**4/8 - 2*a**3/3 + 21*a**2. Calculate the remainder when l(-7) is divided by 15.
14
Suppose -3*y = -5*g + 10, 0 = -2*y + 5*g - 2*g - 7. Let r = y + 7. Suppose 0 = -w - 0*w + 6. Calculate the remainder when w is divided by r.
0
Suppose f - 49 = 5*a - 0*a, -3*a + 98 = 2*f. What is the remainder when 831 is divided by f?
47
Let z = -114 + 163. Let u = -223 - -310. Suppose l - z - u = -2*o, 0 = 2*l - 4. Calculate the remainder when o is divided by 17.
16
Let k = 106 - -60. What is the remainder when k is divided by 42?
40
Let l(p) = 3*p**3 - 3*p**2 + 4*p + 2. Suppose 6 = -0*r - 2*r + 5*w, -2*r - 5*w + 14 = 0. Calculate the remainder when 41 is divided by l(r).
19
Calculate the remainder when 1754 is divided by (-1750)/(-15) - (-8)/24.
116
Let w(r) = -r**3 + 18*r**2 + 11*r + 189. Calculate the remainder when w(19) is divided by 14.
9
Let o = -32 - -31. Let n be (-1*2 + 2)/(-3). What is the remainder when 3 is divided by -1*(o + -2) + n?
0
Let q = -604 + 704. Calculate the remainder when q is divided by 51.
49
Let d = -401 - -672. Calculate the remainder when d is divided by 25.
21
Let h be (1 - 0/(-4))/(2/132). Let f = -32 + h. Calculate the remainder when 66 is divided by f.
32
What is the remainder when 170 is divided by (-4 - (-2 - 19)) + 10/5?
18
Let p(l) = 75 + 0*l - 47 - l. Calculate the remainder when 143 is divided by p(12).
15
Let i = -3 - -9. What is the remainder when (0/(-2)*1)/1 + 29 is divided by i?
5
Calculate the remainder when 62 is divided by 19 - (-7 + -2 + 7).
20
Suppose 0 = -5*o + 5, -o - 12 = -4*j + 7. Let u = -210 - -221. Calculate the remainder when u is divided by j.
1
Let w(m) = m**3 + 20*m**2 + 14*m - 85. Let s be w(-19). Let l = -1 + 6. Suppose -l*x = -s*x + 25. What is the remainder when 12 is divided by x?
2
Let r = 318 - 134. Suppose -3*p - 49 + r = 0. Suppose p = 6*n - 33. Calculate the remainder when 50 is divided by n.
11
Suppose 5*x - 3*x = -5*c + 55, -4*x = -4*c - 124. Suppose b - x = 5*j, -3*b + 34 = -j - 14. Calculate the remainder when ((-24)/40)/(1/(-95)) is divided by b.
12
Let j(t) = 0*t**2 + 30 - 3*t**2 + 2*t**2 + 7*t. Calculate the remainder when 79 is divided by j(5).
39
Let f = 18 + -4. Let c be 5*((-180)/25 - -3). What is the remainder when 306/8 + 8/((-224)/c) is divided by f?
11
Suppose -h + 2*p + 755 = 0, -6*h = -5*h + 4*p - 755. What is the remainder when h is divided by 54?
53
Let x(u) = -52*u - 32. Calculate the remainder when x(-9) is divided by 23.
22
Let i(b) = 2*b**2 - 10*b. Calculate the remainder when i(11) is divided by 58.
16
Let a = -226 + 330. What is the remainder when a is divided by 7?
6
Suppose 7*a = 2*a - 3*h + 58, -5*h + 5 = 0. Let d(j) = j**2 - 3*j + 5. Let o be d(4). Let y = a - o. What is the remainder when 8 is divided by y?
0
Suppose 0*z - 3*z + 139 = -2*q, 4*q + 149 = 3*z. Suppose 4*j = -0*j + 672. What is the remainder when j is divided by z?
39
Let b(n) = 2 - 6*n - 18 + 1 - 12. What is the remainder when b(-10) is divided by 12?
9
Suppose -2*k + 86 - 76 = 0. What is the remainder when 68 is divided by k?
3
Suppose 0 = -4*o + j + 4 + 1, 4*o - 2*j - 2 = 0. Suppose -o*h + 21 = -4*s + 115, 104 = 5*s + 2*h. Calculate the remainder when 85 is divided by s.
19
Suppose 198*p + 3640 = 211*p. Calculate the remainder when p is divided by 59.
44
Let b = -135 - -140. Calculate the remainder when b is divided by 4.
1
Suppose 24*p = -28*p + 1404. What is the remainder when 68 is divided by p?
14
Let q(a) = a**3 - 18*a**2 + 36*a - 10. What is the remainder when 59 is divided by q(16)?
5
Let s(v) = 2*v**3 - 11*v**2 + 7*v - 9. Let d be 10/4 + 18/(-12). Calculate the remainder when (d - 5/2)*-2 is divided by s(5).
0
Suppose 147 = 9*n + 102. Let z(i) = 22*i + 1. What is the remainder when z(1) is divided by n?
3
Let y = -32 + 36. Suppose 0*g - 7 = -l - 2*g, -3*g = 4*l - 48. What is the remainder when l is divided by y?
3
Let c = 75 + 1. Calculate the remainder when c is divided by 30.
16
Suppose -140*x + 2574 = -41*x. Suppose -2 = -t - 3*j, 0 = -5*t - 5*j + 21 + 29. Calculate the remainder when x is divided by t.
12
Let q = -8 - -171. Let b(r) = -4*r - 21. Let v be b(-6). Suppose 0 = -3*f + v, q = 3*l + 2*f + 2*f. What is the remainder when l is divided by 14?
11
Calculate the remainder when (9/(-4) + -1)*-4 is divided by (72/(-18))/(8/(-10)).
3
Let m(c) = c**2 - 1. Let v(r) = -4*r**2 + 9*r - 18. Let l(j) = -3*m(j) - v(j). What is the remainder when 26 is divided by l(3)?
2
Suppose 779*z - 778*z - 7 = 0. Calculate the remainder when z is divided by 4.
3
Suppose 7 + 17 = 4*i. Let g = 81 - 66. What is the remainder when g is divided by i?
3
Suppose -3*s = -4*w + 842, 0 = w - 2*s - 233 + 20. Calculate the remainder when w is divided by 43.
37
Let g = 864 + -859. Suppose 2 = o, 0 = 4*x - 0*o + 3*o - 14. Calculate the remainder when g is divided by x.
1
Let m = 43 - -13. Let g = m - 44. Suppose -o + 5*c + 4 = -4, 185 = 5*o + 4*c. Calculate the remainder when o is divided by g.
9
Suppose 5*o + 4*q - 71 = 2*q, -47 = -3*o + q. What is the remainder when 42 is divided by o?
12
Suppose -i = -10*k + 5*k 